{"id":29,"date":"2012-06-17T15:10:50","date_gmt":"2012-06-17T15:10:50","guid":{"rendered":"http:\/\/www.sitest.it\/blog\/?page_id=29"},"modified":"2018-12-11T15:19:46","modified_gmt":"2018-12-11T15:19:46","slug":"privacy","status":"publish","type":"page","link":"https:\/\/www.sitest.it\/blog\/privacy\/","title":{"rendered":"Privacy"},"content":{"rendered":"<p class=\"p1\"><b>Chi siamo<\/b><\/p>\n<p class=\"p2\">L&#8217;indirizzo del nostro sito web \u00e8: <a href=\"https:\/\/www.sitest.it\"><span class=\"s1\">https:\/\/www.sitest.it<\/span><\/a>. E\u2019 il sito dello Studio AED del Geom. Giorgio Bertoli, con ufficio in Gradisca d\u2019Isonzo (GO).<\/p>\n<p class=\"p1\"><b>Quali dati personali raccogliamo e perch\u00e9 li raccogliamo<\/b><\/p>\n<p class=\"p2\">Sul sito <a href=\"https:\/\/www.sitest.it\"><span class=\"s1\">www.sitest.it<\/span><\/a>, vengono raccolti i seguenti dati: nome, cognome, indirizzo e-mail, indirizzo IP e in maniera facoltativa gli indirizzi dell\u2019utente relativi a: Sito web, Google+, Username Twitter, URL profilo Facebook, Youtube Profile URL, Twitter Profile URL, Facebook Profile URL, Linkedin Profile URL<\/p>\n<p class=\"p2\">Questi dati sono raccolti solo per l\u2019individuazione dell\u2019utente e per facilitare l\u2019utilizzo del sito. Inoltre servono per consentire la comunicazione di informazioni o l\u2019iscrizione alle Mailing List e<span class=\"Apple-converted-space\">&nbsp; <\/span>newsletter. Viene raccolto anche il consenso alla gestione dei dati personali. Non sono raccolte informazioni su dati personali sensibili.<\/p>\n<p class=\"p2\">I dati non sono utilizzati per la profilatura dell\u2019utente.<\/p>\n<p class=\"p2\">Il trattamento dei tuoi dati personali verr\u00e0 effettuato sulla base di una o pi\u00f9 delle seguenti condizioni. In particolare, i trattamenti effettuati per le finalit\u00e0 che:<\/p>\n<ul class=\"ul1\">\n<li class=\"li2\">hanno come base giuridica la necessit\u00e0 di dare esecuzione alle tue espresse richieste di ricevere un servizio direttamente disponibile tramite il sito, come tali i dati di volta in volta raccolti sono obbligatori e, qualora non intendi fornirli, non sar\u00e0 possibile erogare il servizio o dare risposta a quanto da te richiesto;<\/li>\n<li class=\"li2\">hanno come base giuridica la necessit\u00e0 di rispettare un obbligo di legge quale ad esempio l&#8217;obbligo di attuare misure di sicurezza previste da leggi specifiche applicabili per determinati servizi erogati tramite il sito e come tali questi dati e relativi trattamenti sono obbligatori;<\/li>\n<li class=\"li2\">hanno come base giuridica il rapporto di iscrizione alla sezione CAI di Cervignano del Friuli e pertanto, sono trattati in adempimento di obblighi normativi e\/o statutari.<\/li>\n<\/ul>\n<p class=\"p1\"><b>WordPress:<\/b><\/p>\n<p class=\"p1\"><b> Commenti<\/b><\/p>\n<p class=\"p2\">Quando i visitatori lasciano commenti sul sito, raccogliamo i dati mostrati nel modulo dei commenti oltre all&#8217;indirizzo IP del visitatore e la stringa dello user agent del browser per facilitare il rilevamento dello spam. Inoltre viene raccolto anche il consenso alla gestione dei dati personali.<\/p>\n<p class=\"p2\">Una stringa anonimizzata creata a partire dal tuo indirizzo email (altrimenti detta hash) pu\u00f2 essere fornita al servizio Gravatar per vedere se lo stai usando. La privacy policy del servizio Gravatar \u00e8 disponibile qui: https:\/\/automattic.com\/privacy\/. Dopo l&#8217;approvazione del tuo commento, la tua immagine del profilo \u00e8 visibile al pubblico nel contesto del tuo commento.<\/p>\n<p class=\"p1\"><b> Media<\/b><\/p>\n<p class=\"p2\"><i>I visitatori del sito web possono scaricare ed estrarre qualsiasi dato sulla posizione dalle immagini sul sito web.<\/i><\/p>\n<p class=\"p1\"><b> Modulo di contatto<\/b><\/p>\n<p class=\"p2\">Con il modulo di contatto sono raccolti i dati solo per l\u2019individuazione dell\u2019utente e per consentire la comunicazione delle informazioni o l\u2019iscrizione alla Mailing list e alla newsletter. Viene raccolto anche il consenso alla gestione dei dati personali. Non sono raccolte informazioni su dati personali sensibili.<\/p>\n<p class=\"p2\">I dati non sono utilizzati per scopi di marketing.<\/p>\n<p class=\"p1\"><b> Cookie<\/b><\/p>\n<p class=\"p2\">Se lasci un commento sul nostro sito, puoi scegliere di salvare il tuo nome, indirizzo email e sito web nei cookie. Sono usati per la tua comodit\u00e0 in modo che tu non debba inserire nuovamente i tuoi dati quando lasci un altro commento. Questi cookie dureranno per un anno.<\/p>\n<p class=\"p2\">Se hai un account e accedi a questo sito, verr\u00e0 impostato un cookie temporaneo per determinare se il tuo browser accetta i cookie. Questo cookie non contiene dati personali e viene eliminato quando chiudi il browser.<\/p>\n<p class=\"p2\">Quando effettui l&#8217;accesso, verranno impostati diversi cookie per salvare le tue informazioni di accesso e le tue opzioni di visualizzazione dello schermo. I cookie di accesso durano due giorni mentre i cookie per le opzioni dello schermo durano un anno. Se selezioni &#8220;Ricordami&#8221;, il tuo accesso persister\u00e0 per due settimane. Se esci dal tuo account, i cookie di accesso verranno rimossi.<\/p>\n<p class=\"p2\">Se modifichi o pubblichi un articolo, un cookie aggiuntivo verr\u00e0 salvato nel tuo browser. Questo cookie non include dati personali, ma indica semplicemente l&#8217;ID dell&#8217;articolo appena modificato. Scade dopo 1 giorno.<\/p>\n<p class=\"p1\"><b> Contenuto incorporato da altri siti web<\/b><\/p>\n<p class=\"p2\">Gli articoli su questo sito possono includere contenuti incorporati (ad esempio video, immagini, articoli, ecc.). I contenuti incorporati da altri siti web si comportano esattamente allo stesso modo come se il visitatore avesse visitato l&#8217;altro sito web.<\/p>\n<p class=\"p2\">Questi siti web possono raccogliere dati su di te, usare cookie, integrare ulteriori tracciamenti di terze parti e monitorare l&#8217;interazione con quel contenuto incorporato, incluso il tracciamento della tua interazione con il contenuto incorporato se hai un account e hai effettuato l&#8217;accesso a quel sito web.<\/p>\n<p class=\"p1\"><b> Analytics<\/b><\/p>\n<p class=\"p2\">&#8211;&nbsp;<b>Google<\/b>&nbsp;<b>Analytics<\/b>: servizio utilizzato per analizzare l\u2019uso, il comportamento, frequenza, come viene rintracciato e quali pagine sono visitate maggiormente, del sito da parte degli utenti. Vengono compilati report e le informazioni sono combinate con informazioni raccolte da altri siti al fine di creare un quadro comparativo dell&#8217;uso del sito rispetto ad altri siti delle medesima categoria.<br \/>\nDati raccolti: identificativo del browser, data e orario di interazione col sito, pagina di provenienza, indirizzo IP (in forma anonima).<br \/>\nLuogo di trattamento dei dati: Unione europea essendo attiva l\u2019anonimizzazione del servizio.<\/p>\n<p class=\"p2\">I dati raccolti non consentono l&#8217;identificazione personale degli utenti, e non sono incrociati con altre informazioni relative alla stessa persone. Sono&nbsp;trattati in forma aggregata e anonimizzati. In base ad apposito accordo (DPA) \u00e8 vietato a Google Inc. (responsabile del trattamento) l&#8217;incrocio di tali dati con quelli ricavati da altri servizi.<\/p>\n<p class=\"p2\">Ulteriori informazioni sui cookies di Google Analytics si trovano alla pagina&nbsp;<a href=\"https:\/\/developers.google.com\/analytics\/devguides\/collection\/analyticsjs\/cookie-usage\"><span class=\"s1\">Google Analytics Cookie Usage on Websites<\/span><\/a>.<br \/>\nL&#8217;utente pu\u00f2&nbsp;<b>disabilitare<\/b> in modo selettivo la raccolta dei dati da parte di Google Analytics&nbsp;installando sul proprio browser l&#8217;<a href=\"https:\/\/tools.google.com\/dlpage\/gaoptout\"><span class=\"s1\">apposito componente fornito da Google<\/span><\/a>.<\/p>\n<p class=\"p1\"><b>Con chi condividiamo i tuoi dati<\/b><\/p>\n<p class=\"p2\">&#8211;&nbsp;<b>Google<\/b>: servizio utilizzato per analizzare l\u2019uso, il comportamento, frequenza, come viene rintracciato e quali pagine sono visitate maggiormente, del sito da parte degli utenti.<\/p>\n<p class=\"p6\"><span class=\"s2\">Ulteriori informazioni si trovano alle seguenti pagine <a href=\"https:\/\/www.google.com\/analytics\/terms\/us.html\"><span class=\"s1\">https:\/\/www.google.com\/analytics\/terms\/us.html<\/span><\/a> e <a href=\"https:\/\/policies.google.com\/privacy\"><span class=\"s1\">https:\/\/policies.google.com\/privacy<\/span><\/a>.<\/span><\/p>\n<p class=\"p2\">&#8211;&nbsp;<b>Akismet<\/b>: servizio per il controllo dei commenti e dello spam.<\/p>\n<p class=\"p2\">Ulteriori informazioni si trovano alle seguenti pagine <a href=\"https:\/\/akismet.com\/tos\/\"><span class=\"s1\">https:\/\/akismet.com\/tos\/<\/span><\/a> e <a href=\"https:\/\/automattic.com\/privacy\/\"><span class=\"s1\">https:\/\/automattic.com\/privacy\/<\/span><\/a>.<\/p>\n<p class=\"p2\">&#8211;&nbsp;<b>Mailchimp<\/b>: servizio per invio newsletter e informative.<\/p>\n<p class=\"p6\"><span class=\"s2\">Ulteriori informazioni si trovano alle seguenti pagine <a href=\"https:\/\/mailchimp.com\/legal\/terms\/\"><span class=\"s1\">https:\/\/mailchimp.com\/legal\/terms\/<\/span><\/a> e <a href=\"https:\/\/mailchimp.com\/legal\/privacy\/\"><span class=\"s1\">https:\/\/mailchimp.com\/legal\/privacy\/<\/span><\/a>.<\/span><\/p>\n<p class=\"p1\"><b>Per quanto tempo conserviamo i tuoi dati<\/b><\/p>\n<p class=\"p2\">Se lasci un commento, il commento e i relativi metadati vengono conservati a tempo indeterminato. \u00c8 cos\u00ec che possiamo riconoscere e approvare automaticamente eventuali commenti successivi invece di tenerli in una coda di moderazione.<\/p>\n<p class=\"p2\">Per gli utenti che si registrano sul nostro sito web, memorizziamo anche le informazioni personali che forniscono nel loro profilo utente. Tutti gli utenti possono vedere, modificare o cancellare le loro informazioni personali in qualsiasi momento (eccetto il loro nome utente che non possono cambiare). Gli amministratori del sito web possono anche vedere e modificare queste informazioni.<\/p>\n<p class=\"p1\"><b>Quali diritti hai sui tuoi dati<\/b><\/p>\n<p class=\"p7\">Tra i diritti a te riconosciuti dal GDPR rientrano quelli di:<\/p>\n<ul class=\"ul1\">\n<li class=\"li2\">chiedere la rettifica dei dati inesatti o l&#8217;integrazione di quelli incompleti; la cancellazione dei dati personali che La riguardano (al verificarsi di una delle condizioni indicate nell&#8217;art. 17, paragrafo 1 del GDPR e nel rispetto delle eccezioni previste nel paragrafo 3 dello stesso articolo); la limitazione del trattamento dei Suoi dati personali (al ricorrere di una delle ipotesi indicate nell&#8217;art. 18, paragrafo 1 del GDPR);<\/li>\n<li class=\"li2\">opporti in qualsiasi momento al trattamento dei tuoi dati personali al ricorrere di situazioni particolari che ti riguardano;<\/li>\n<li class=\"li2\">revocare il consenso in qualsiasi momento, limitatamente alle ipotesi in cui il trattamento sia basato sul tuo consenso per una o pi\u00f9 specifiche finalit\u00e0 e riguardi dati personali comuni. Il trattamento basato sul consenso ed effettuato antecedentemente alla revoca dello stesso conserva, comunque, la sua liceit\u00e0;<\/li>\n<li class=\"li2\">proporre reclamo a un&#8217;autorit\u00e0 di controllo (Autorit\u00e0 Garante per la protezione dei dati personali \u2013 www.garanteprivacy.it).<\/li>\n<\/ul>\n<p class=\"p2\">Se hai un account su questo sito, o hai lasciato commenti, puoi richiedere di ricevere un file esportato dal sito con i dati personali che abbiamo su di te, compresi i dati che ci hai fornito. Puoi anche richiedere che cancelliamo tutti i dati personali che ti riguardano. Questo non include i dati che siamo obbligati a conservare per scopi amministrativi, legali o di sicurezza.<\/p>\n<p class=\"p1\"><b>Dove spediamo i tuoi dati<\/b><\/p>\n<p class=\"p2\">I dati sono registrati in un paese europeo e vengono mantenuti attraverso procedura di sicurezza in linea con quanto richiesto dalla normativa Europea.<\/p>\n<p class=\"p2\">I commenti dei visitatori possono essere controllati attraverso un servizio di rilevamento automatico dello spam.<\/p>\n<p class=\"p1\"><b>Le tue informazioni di contatto<\/b><\/p>\n<p class=\"p7\">Titolare del trattamento \u00e8 lo studio <b>AED<\/b> in persona del <b>geom. Giorgio Bertoli<\/b> (di seguito indicato anche come &#8220;professionista&#8221;) con domicilio eletto in <b>Gradisca d\u2019Isonzo (GO) Via Lorenzoni, 16<\/b>. Il Titolare pu\u00f2 essere contattato mediante <b>PEC<\/b> o <b>e-mail<\/b> all&#8217;indirizzo <b>giorgio.bertoli@geopec.it<\/b> e <b>aed@sitest.it<\/b>. Lo studio del Titolare non ha nominato un responsabile della protezione dei dati personali RPD ovvero, data protection officer, DPO.<\/p>\n<p class=\"p1\"><b>Come proteggiamo i tuoi dati<\/b><\/p>\n<p class=\"p2\">Il trattamento dei tuoi dati viene effettuato attraverso strumenti automatizzati e non, in conformit\u00e0 con le finalit\u00e0 indicate e nel rispetto dei requisiti di riservatezza e delle pi\u00f9 idonee misure di sicurezza.<\/p>\n<p class=\"p2\">Ti garantiamo inoltre che, che i dati personali a te riferibili saranno trattati in maniera da garantire un&#8217;adeguata sicurezza dei dati personali, compresa la protezione, mediante misure tecniche e organizzative adeguate, da trattamenti non autorizzati o illeciti e dalla perdita, dalla distruzione o dal danno accidentali.<\/p>\n<p class=\"p1\"><b>Quali procedure abbiamo predisposto per prevenire la violazione dei dati<\/b><\/p>\n<p class=\"p2\">Il trattamento (in particolare le operazioni di registrazione, organizzazione, conservazione, elaborazione, blocco, modificazione, utilizzo, interconnessione, comunicazione, diffusione, cancellazione, distruzione, selezione, estrazione, raffronto, ivi compresa la comunicazione a terzi ove necessario) viene eseguito mediante procedure informatizzate.<\/p>\n<p><strong>Per mettersi in contatto con noi<\/strong><\/p>\n<p>Se hai una domanda e desideri metterti in contatto con noi, clicca qui <a href=\"mailto:aed@sitest.it\">aed@sitest.it<\/a><\/p>\n<p>Oppure scrivici all\u2019indirizzo:<br \/>\nGeom. Giorgio Bertoli<br \/>\nVia Lorenzoni, 16<br \/>\nGRADISCA D&#8217;ISONZO (GO)<\/p>\n","protected":false},"excerpt":{"rendered":"<p>Chi siamo L&#8217;indirizzo del nostro sito web \u00e8: https:\/\/www.sitest.it. E\u2019 il sito dello Studio AED del Geom. Giorgio Bertoli, con ufficio in Gradisca d\u2019Isonzo (GO). Quali dati personali raccogliamo e perch\u00e9 li raccogliamo Sul sito www.sitest.it, vengono raccolti i seguenti dati: nome, cognome, indirizzo e-mail, indirizzo IP e in maniera facoltativa gli indirizzi dell\u2019utente relativi &hellip; <\/p>\n<p class=\"link-more\"><a href=\"https:\/\/www.sitest.it\/blog\/privacy\/\" class=\"more-link\">Leggi tutto<span class=\"screen-reader-text\"> &#8220;Privacy&#8221;<\/span><\/a><\/p>\n","protected":false},"author":2,"featured_media":0,"parent":0,"menu_order":0,"comment_status":"closed","ping_status":"open","template":"","meta":[],"yoast_head":"<!-- This site is optimized with the Yoast SEO plugin v15.7 - https:\/\/yoast.com\/wordpress\/plugins\/seo\/ -->\n<title>Privacy - SITEST<\/title>\n<meta name=\"robots\" content=\"index, follow, max-snippet:-1, max-image-preview:large, max-video-preview:-1\" \/>\n<link rel=\"canonical\" href=\"https:\/\/www.sitest.it\/blog\/privacy\/\" \/>\n<meta property=\"og:locale\" content=\"it_IT\" \/>\n<meta property=\"og:type\" content=\"article\" \/>\n<meta property=\"og:title\" content=\"Privacy - SITEST\" \/>\n<meta property=\"og:description\" content=\"Chi siamo L&#8217;indirizzo del nostro sito web \u00e8: https:\/\/www.sitest.it. E\u2019 il sito dello Studio AED del Geom. Giorgio Bertoli, con ufficio in Gradisca d\u2019Isonzo (GO). Quali dati personali raccogliamo e perch\u00e9 li raccogliamo Sul sito www.sitest.it, vengono raccolti i seguenti dati: nome, cognome, indirizzo e-mail, indirizzo IP e in maniera facoltativa gli indirizzi dell\u2019utente relativi &hellip; Leggi tutto &quot;Privacy&quot;\" \/>\n<meta property=\"og:url\" content=\"https:\/\/www.sitest.it\/blog\/privacy\/\" \/>\n<meta property=\"og:site_name\" content=\"SITEST\" \/>\n<meta property=\"article:modified_time\" content=\"2018-12-11T15:19:46+00:00\" \/>\n<meta name=\"twitter:label1\" content=\"Tempo di lettura stimato\">\n\t<meta name=\"twitter:data1\" content=\"8 minuti\">\n<script type=\"application\/ld+json\" class=\"yoast-schema-graph\">{\"@context\":\"https:\/\/schema.org\",\"@graph\":[{\"@type\":\"WebSite\",\"@id\":\"https:\/\/www.sitest.it\/blog\/#website\",\"url\":\"https:\/\/www.sitest.it\/blog\/\",\"name\":\"SITEST\",\"description\":\"Tra GIS e Certificazione energetica\",\"potentialAction\":[{\"@type\":\"SearchAction\",\"target\":\"https:\/\/www.sitest.it\/blog\/?s={search_term_string}\",\"query-input\":\"required name=search_term_string\"}],\"inLanguage\":\"it-IT\"},{\"@type\":\"WebPage\",\"@id\":\"https:\/\/www.sitest.it\/blog\/privacy\/#webpage\",\"url\":\"https:\/\/www.sitest.it\/blog\/privacy\/\",\"name\":\"Privacy - SITEST\",\"isPartOf\":{\"@id\":\"https:\/\/www.sitest.it\/blog\/#website\"},\"datePublished\":\"2012-06-17T15:10:50+00:00\",\"dateModified\":\"2018-12-11T15:19:46+00:00\",\"inLanguage\":\"it-IT\",\"potentialAction\":[{\"@type\":\"ReadAction\",\"target\":[\"https:\/\/www.sitest.it\/blog\/privacy\/\"]}]}]}<\/script>\n<!-- \/ Yoast SEO plugin. -->","_links":{"self":[{"href":"https:\/\/www.sitest.it\/blog\/wp-json\/wp\/v2\/pages\/29"}],"collection":[{"href":"https:\/\/www.sitest.it\/blog\/wp-json\/wp\/v2\/pages"}],"about":[{"href":"https:\/\/www.sitest.it\/blog\/wp-json\/wp\/v2\/types\/page"}],"author":[{"embeddable":true,"href":"https:\/\/www.sitest.it\/blog\/wp-json\/wp\/v2\/users\/2"}],"replies":[{"embeddable":true,"href":"https:\/\/www.sitest.it\/blog\/wp-json\/wp\/v2\/comments?post=29"}],"version-history":[{"count":4,"href":"https:\/\/www.sitest.it\/blog\/wp-json\/wp\/v2\/pages\/29\/revisions"}],"predecessor-version":[{"id":738,"href":"https:\/\/www.sitest.it\/blog\/wp-json\/wp\/v2\/pages\/29\/revisions\/738"}],"wp:attachment":[{"href":"https:\/\/www.sitest.it\/blog\/wp-json\/wp\/v2\/media?parent=29"}],"curies":[{"name":"wp","href":"https:\/\/api.w.org\/{rel}","templated":true}]}}